mainder when y is divided by 4.
3
Let i = -4 + 15. Let h(l) = -49*l - 5. Let o be h(-2). Suppose 0 = -9*w + 6*w + o. What is the remainder when w is divided by i?
9
Let t = 0 - 0. Suppose -f - w - 4*w + 9 = 0, -4*w = t. Calculate the remainder when f is divided by 6.
3
Suppose -s + 66 = 2*t, 0*s + 187 = 5*t - 3*s. Calculate the remainder when 103 is divided by t.
33
Suppose 25 = 4*n - 4*s + s, -s = 3*n - 9. What is the remainder when 15 is divided by n?
3
Let a(t) = -t**2 + t - 6. Let d be a(7). Let r = 101 + d. What is the remainder when r is divided by 14?
11
Suppose 3*j + 2*x + 2 = -2, 4*j - 5*x = 33. Let p be 3/j*2/3. Suppose -2*b + 3*t = p, -4*t + 2 = -b - t. What is the remainder when b is divided by 1?
0
What is the remainder when (0 - 1)/(2/(-1) + 1) is divided by 1?
0
Suppose -9*g + 171 = -6*g. Let u(f) be the third derivative of -f**5/60 - 13*f**4/24 - 7*f**3/6 + 4*f**2. What is the remainder when g is divided by u(-11)?
12
Let a(x) = x + 8. Let c(m) = -m**3 - 4*m**2 + 4*m. Let y be c(-5). Let z = y + -3. What is the remainder when z is divided by a(-7)?
0
Let f = -2 - -4. What is the remainder when 7 is divided by f?
1
Suppose 2*q - 2*m = 0, q = -2*m - 0*m - 3. Calculate the remainder when 37 is divided by 76/8*(1 - q).
18
Let t(c) = -c**2 - 11*c + 3. What is the remainder when t(-7) is divided by 8?
7
Suppose 4*r - w - 9 = r, 9 = 3*r - 4*w. Suppose r*k - 4*k + 24 = 0. Calculate the remainder when k is divided by 0/3 + 13*1.
11
Let a(q) = 2*q**3 - 5*q**2 + 3*q - 4. What is the remainder when 26 is divided by a(3)?
12
Suppose -334 = -5*g + 2*y, -6*g = -2*g - 3*y - 270. Suppose -5*d = -2*d - g. What is the remainder when 43 is divided by d?
21
Let p(u) = u + 1. Let x be p(-4). Calculate the remainder when 51/9*-1*x is divided by 4.
1
Let h(w) = -4*w + 27. What is the remainder when h(0) is divided by 10?
7
Let c be -2*4/((-8)/(-3)). What is the remainder when (c + 0)*86/(-6) is divided by 15?
13
Suppose 5*h + 4 + 161 = 0. Let i(d) = d**2 + 1. Let v be i(-1). Let r = v - h. What is the remainder when r is divided by 18?
17
Let b(r) = 2*r - 1. Suppose -2 = -5*c + 3*c, -23 = -3*q - 5*c. Calculate the remainder when 41 is divided by b(q).
8
Let j(u) be the second derivative of u**4/3 + u. What is the remainder when 13/(6 - 5) + (0 - 4) is divided by j(-1)?
1
Suppose 27 = -6*n + 7*n. What is the remainder when n is divided by 6?
3
Suppose -2*j + 4 = -2*n, -5*n = -j + 2*j - 2. Suppose 0*s - s = -3*b - 22, n = s - b - 14. Calculate the remainder when s is divided by 4.
2
What is the remainder when -2 - ((-2)/(-2) - 58) is divided by 57/95 - ((-147)/5 - -1)?
26
Suppose -2*v + 3*o = 101, 0 = 3*o - 10 - 5. Let y = -31 - v. What is the remainder when 34 is divided by y?
10
Let u = -22 - -24. Suppose -15 = -i - u*i. What is the remainder when 17 is divided by i?
2
Let z = -50 - -60. What is the remainder when z is divided by 6?
4
Let h(j) = 3*j**2 + 12*j - 3. What is the remainder when 129 is divided by h(-6)?
30
Suppose 3*d + 2*n - 80 = 33, -5*d + 197 = -n. Calculate the remainder when d is divided by 10.
9
Let k = -4 + 25. Calculate the remainder when k is divided by 8.
5
Suppose -2*g + 9 = 1. Suppose 0 = -g*l + 30 + 34. Let y(a) = 31*a. Calculate the remainder when y(1) is divided by l.
15
Let u = 94 - 43. What is the remainder when u is divided by 13?
12
Suppose 2*n = -6, m + n = -4*n + 40. Suppose 4*i - 54 = 2. Calculate the remainder when m is divided by i.
13
Let o(t) = t - 3. Let r be o(-4). Let g = 8 + r. Calculate the remainder when 1 is divided by g.
0
Let o = -138 - -204. Let t = 101 - o. What is the remainder when t is divided by 9?
8
Let u be 3*244/12 - 0. Suppose 0*z - h - u = -3*z, z - 4*h - 35 = 0. Calculate the remainder when 73 is divided by z.
16
Suppose x = -4*x. Suppose 2*s - 6*s + 12 = x. Suppose s*j = j + 24. What is the remainder when 34 is divided by j?
10
Let l = -25 + 47. Calculate the remainder when l is divided by 8.
6
Suppose 7*y + 4 = 32. Suppose 8 = y*m - 68. Calculate the remainder when 54 is divided by m.
16
Let x be (-10)/(-15)*-3*9. Calculate the remainder when (10/(-15))/(1/x) is divided by 5.
2
Let x(m) = -m + 3. Suppose 8*u = 16*u - 32. What is the remainder when u is divided by x(0)?
1
Let g(f) = f**3 - f**2 - f - 2. Let w be g(2). Suppose w*t + t = 11. Suppose -32*s = -14*s - 342. Calculate the remainder when s is divided by t.
8
Let q = -3 - -8. Suppose 6*v - q*d = 2*v + 67, 0 = -3*v - d + 55. What is the remainder when v is divided by 5?
3
Let p = 5 + 3. Let l(z) = 11*z**2 + 6*z - 28. Let a(f) = -4*f**2 - 2*f + 9. Let y(x) = 8*a(x) + 3*l(x). What is the remainder when y(5) is divided by p?
7
Suppose 28 = -5*t + 103. What is the remainder when t is divided by 6?
3
Suppose 5*n - 78 = -13. Let f = 76 - 112. Let g = f - -60. What is the remainder when g is divided by n?
11
Let z = -121 - -65. Let o(m) = 2*m**2 + 2*m - 6. Calculate the remainder when o(4) is divided by ((-192)/z)/((-2)/(-7)).
10
Calculate the remainder when 23 is divided by -4*(0 + (-3)/2).
5
Let x(g) = g**2 + g - 2. Let y be x(2). Suppose -2*i + 63 = s - i, -i = -y*s + 257. Suppose -6*b = -2*b - s. Calculate the remainder when 46 is divided by b.
14
Let r(h) = h**2 + 8*h + 1. Let m be r(-8). Let o be m - (-30)/(-4)*2. What is the remainder when (-326)/o - 4/14 is divided by 8?
7
Let h(r) = -r + 9. Let g be h(6). Suppose 5*y = 0, 4*q + g*y - 83 - 21 = 0. Suppose 111 = 5*b + q. Calculate the remainder when b is divided by 6.
5
Suppose 5*k - 3*v = 62, -5*k + 59 - 5 = -v. What is the remainder when 17 is divided by k?
7
Let g(c) = -4*c - 7. Suppose 4*k + 19 = -17. Let d be g(k). Let t = d + -16. Calculate the remainder when 38 is divided by t.
12
Suppose 18 = -6*i + 3*i. What is the remainder when i/4*1*-34 is divided by 18?
15
Let o = 52 + -26. What is the remainder when 127 is divided by o?
23
Suppose y + 3*y - b = -45, y + 2*b = 0. What is the remainder when 45 is divided by (-35)/y*(-72)/(-21)?
9
Suppose 3*i = -4*n + 37, 2*n + 4*i - 16 = -0*n. Calculate the remainder when 28 is divided by n.
8
Let c(v) = v**2 - 5*v - 3. Let z be c(6). Suppose -k + 0 = -z. Suppose -4*s - 53 = -k*j, j = -2*s - 0*s + 1. What is the remainder when 20 is divided by j?
9
Suppose -c + 6*c = 5, -3*c = u - 138. What is the remainder when 52 is divided by u/(-10)*(-4)/3?
16
Suppose -5*z + 4*s + 4 = -18, -3*z = -2*s - 12. Suppose 21 = 2*r + 3*r - 4*m, -3 = 5*r + z*m. Calculate the remainder when r is divided by 1.
0
Let c(p) = p**3 + 12*p**2 + p + 19. Calculate the remainder when 33 is divided by c(-12).
5
What is the remainder when 16 is divided by 1/2 + (-38)/(-4)?
6
Let z(r) = -r**3 - 6*r**2 + 6. Calculate the remainder when z(-6) is divided by 2.
0
What is the remainder when 18 is divided by 10 + -5 + (4/(-1) - -2)?
0
Let s(d) = 2*d + 12. Let h be s(-5). Suppose 0 = -5*v + h*y + 1, v - 2*v + y + 2 = 0. What is the remainder when (-4 - v)*(2 + -3) is divided by 3?
0
Let a(p) = -p**3 + 7*p**2 + 4*p - 3. What is the remainder when a(6) is divided by 20?
17
Let m(z) = -1 - z**3 + 0 + 4*z**2 - 2*z**2. Let p be m(-1). Suppose p*g = -5*o + 97, -g - 20 = 4*g. Calculate the remainder when 40 is divided by o.
19
Suppose 32 = 7*j - 6*j. Calculate the remainder when 124 is divided by j.
28
Let h = -1 + 9. Calculate the remainder when h is divided by 3.
2
Let p(g) = -4*g + 2. Suppose 0 = 3*n - 2*n - 76. What is the remainder when n is divided by p(-6)?
24
Suppose 93 - 35 = 2*y. Let f = 10 + 5. What is the remainder when y is divided by f?
14
Suppose 0 = 3*g - 4*g + 16. Suppose -z - 3 = 2*z, 0 = -2*x - 4*z + 8. What is the remainder when g is divided by x?
4
Suppose 8*t + 6*t = 182. Calculate the remainder when t is divided by 7.
6
Let s = -8 + 8. Let p(q) = -1 + 4*q**2 - 3*q**2 + 6. Calculate the remainder when p(s) is divided by 3.
2
Suppose 4*q = 2*g + 42, 0 = 4*q - 3*g - 14 - 25. Suppose 3*a + 12 = 3*y - 2*a, 0 = -y - a + q. What is the remainder when 17 is divided by y?
8
Suppose 3*i = -2*i + 120. Let j = i - 7. Suppose 2 = -2*t, -2*s + 0*s + 2*t = -14. Calculate the remainder when j is divided by s.
5
Suppose 2*r = 3*r + 2. Let g = r - -21. Let f(h) = h**2 - 2. Calculate the remainder when g is divided by f(-3).
5
Suppose -232 = -3*f - f. Calculate the remainder when